{"id":20,"date":"2014-09-02T20:07:04","date_gmt":"2014-09-02T20:07:04","guid":{"rendered":"https:\/\/bioequip.cl\/?page_id=20"},"modified":"2016-10-13T21:20:34","modified_gmt":"2016-10-13T21:20:34","slug":"servicios","status":"publish","type":"page","link":"https:\/\/bioequip.cl\/?page_id=20","title":{"rendered":"Servicios"},"content":{"rendered":"<h3>\u00bfQUE OFRECEMOS?<img loading=\"lazy\" decoding=\"async\" class=\"alignright wp-image-128 size-medium\" src=\"https:\/\/bioequip.cl\/wp-content\/uploads\/2014\/09\/fotos-para-reemplazar-en-servicios-300x175.jpg\" alt=\"fotos-para-reemplazar-en-servicios\" width=\"300\" height=\"175\" srcset=\"https:\/\/bioequip.cl\/wp-content\/uploads\/2014\/09\/fotos-para-reemplazar-en-servicios-300x175.jpg 300w, https:\/\/bioequip.cl\/wp-content\/uploads\/2014\/09\/fotos-para-reemplazar-en-servicios.jpg 480w\" sizes=\"(max-width: 300px) 100vw, 300px\" \/><\/h3>\n<p style=\"text-align: justify;\"><strong>Bio Bio Equipos S.A.<\/strong> asume como Pol\u00edtica y como principal compromiso con sus clientes que adquieren\u00a0 los equipos que representa,\u00a0 el asegurarles que estas unidades tendr\u00e1n durante su vida \u00fatil, el apoyo irrestricto de nuestra empresa,\u00a0 en todo\u00a0 lo que concierne a la mantenci\u00f3n de repuestos en Stock, y Servicio T\u00e9cnico disponible, para asegurar la m\u00e1xima disponibilidad y eficiencia de estas unidades, en los procesos productivos que est\u00e1n involucrados.<\/p>\n<p>&nbsp;<\/p>\n<h2>REPUESTOS<\/h2>\n<p style=\"text-align: justify;\">Contamos con las Instalaciones adecuadas para mantener un Stock con los \u00a0repuestos de mayor rotaci\u00f3n y uso, en nuestra Casa Matriz, en San Pedro de la Paz.<\/p>\n<p>&nbsp;<\/p>\n<h2>CAPACITACION<\/h2>\n<p style=\"text-align: justify;\"><img loading=\"lazy\" decoding=\"async\" class=\"alignleft wp-image-26 size-medium\" src=\"https:\/\/bioequip.cl\/wp-content\/uploads\/2014\/09\/capacitacion-300x163.jpg\" alt=\"capacitacion\" width=\"300\" height=\"163\" srcset=\"https:\/\/bioequip.cl\/wp-content\/uploads\/2014\/09\/capacitacion-300x163.jpg 300w, https:\/\/bioequip.cl\/wp-content\/uploads\/2014\/09\/capacitacion.jpg 460w\" sizes=\"(max-width: 300px) 100vw, 300px\" \/>Tenemos planes de Capacitaci\u00f3n y Entrenamiento para \u00a0nuestros T\u00e9cnicos de Post Venta,\u00a0 en las f\u00e1bricas que representamos, para estar\u00a0preparados para mantener los equipos funcionando a la mayor disponibilidad posible.<\/p>\n<p style=\"text-align: justify;\">Pr\u00f3ximamente contaremos con personal de postventa en otras sucursales, en los puntos del pa\u00eds donde tengamos equipos y accesorios funcionando.<\/p>\n","protected":false},"excerpt":{"rendered":"<p>\u00bfQUE OFRECEMOS? Bio Bio Equipos S.A. asume como Pol\u00edtica y como principal compromiso con sus clientes que adquieren\u00a0 los equipos que representa,\u00a0 el asegurarles que estas unidades tendr\u00e1n durante su vida \u00fatil, el apoyo irrestricto de nuestra empresa,\u00a0 en todo\u00a0 lo que concierne a la mantenci\u00f3n de repuestos en Stock, y Servicio T\u00e9cnico disponible, para [&hellip;]<\/p>\n","protected":false},"author":1,"featured_media":0,"parent":0,"menu_order":0,"comment_status":"open","ping_status":"open","template":"","meta":{"footnotes":""},"class_list":["post-20","page","type-page","status-publish","hentry"],"_links":{"self":[{"href":"https:\/\/bioequip.cl\/index.php?rest_route=\/wp\/v2\/pages\/20"}],"collection":[{"href":"https:\/\/bioequip.cl\/index.php?rest_route=\/wp\/v2\/pages"}],"about":[{"href":"https:\/\/bioequip.cl\/index.php?rest_route=\/wp\/v2\/types\/page"}],"author":[{"embeddable":true,"href":"https:\/\/bioequip.cl\/index.php?rest_route=\/wp\/v2\/users\/1"}],"replies":[{"embeddable":true,"href":"https:\/\/bioequip.cl\/index.php?rest_route=%2Fwp%2Fv2%2Fcomments&post=20"}],"version-history":[{"count":9,"href":"https:\/\/bioequip.cl\/index.php?rest_route=\/wp\/v2\/pages\/20\/revisions"}],"predecessor-version":[{"id":130,"href":"https:\/\/bioequip.cl\/index.php?rest_route=\/wp\/v2\/pages\/20\/revisions\/130"}],"wp:attachment":[{"href":"https:\/\/bioequip.cl\/index.php?rest_route=%2Fwp%2Fv2%2Fmedia&parent=20"}],"curies":[{"name":"wp","href":"https:\/\/api.w.org\/{rel}","templated":true}]}}